{"id":532,"date":"2025-11-26T00:54:04","date_gmt":"2025-11-26T03:54:04","guid":{"rendered":"https:\/\/portaldosscripts.com\/?post_type=product&#038;p=532"},"modified":"2025-12-02T02:52:57","modified_gmt":"2025-12-02T05:52:57","slug":"site-pronto-para-hosting","status":"publish","type":"product","link":"https:\/\/portaldosscripts.com\/index.php\/produto\/site-pronto-para-hosting\/","title":{"rendered":"Site pronto para Hosting"},"content":{"rendered":"<p><span style=\"color: #636363;\"><b><span style=\"font-size: 17px;\">Site para Provedores de Hospedagem 100% responsivo em PHP<br \/>\nMySQL<\/span><\/b><span style=\"font-size: 17px;\"> com Painel<br \/>\nAdministrador, f\u00e1cil edi\u00e7\u00e3o pelo painel, feito em PHP 5.6 at\u00e9 7.0\u00a0 MySQL,<br \/>\nutilizando os Framework Bootstrap v3.3.7 e Font Awesome<br \/>\n5.7.0 para agiliza maior performance de navega\u00e7\u00e3o.<\/span><br \/>\n<span style=\"font-size: 17px;\">Compat\u00edvel com os principais navegadores Google Chrome, Opera, Firefox (Mozilla), Edge, Outros..<\/span><\/span><\/p>\n<p><span style=\"font-size: 17px;\">Layout Responsivo<\/span><br \/>\n<span style=\"font-size: 17px;\">F\u00e1cil de Usar<\/span><br \/>\n<span style=\"font-size: 17px;\">Totalmente Edit\u00e1vel<\/span><br \/>\n<span style=\"font-size: 17px;\">C\u00f3digo Fonte Aberto. ( O sistema est\u00e1 todo em c\u00f3digo aberto , sendo poss\u00edvel a modificar ou ajustar conforme sua necessidade. )<\/span><\/p>\n<p><span style=\"color: #ff0000;\"><span style=\"font-size: 17px;\">ANTES DE EFETUAR A COMPRA ACESSE O DEMO DO SCRIPT.<\/span><\/span><\/p>\n<p><span style=\"font-size: 17px;\">Garantia de Funcionamento somente para hospedagem com:<\/span><\/p>\n<p><b><span style=\"font-size: 17px;\">REQUISITOS PARA INSTALA\u00c7\u00c3O:<\/span><\/b><\/p>\n<p><span style=\"font-size: 17px;\">\u2013 Servidor Linux com cPanel da (cpanel.com)<\/span><br \/>\n<span style=\"font-size: 17px;\">\u2013 PHP 5.6 a 7.0<\/span><br \/>\n<span style=\"font-size: 17px;\">\u2013 MySQL<\/span><br \/>\n<span style=\"font-size: 17px;\">\u2013 Apache<\/span><br \/>\n<span style=\"font-size: 17px;\">\u2013 phpMyAdmin<\/span><\/p>\n<p>&nbsp;<\/p>\n<p><span style=\"color: #636363;\"><b><span style=\"font-size: 17px;\">FUN\u00c7\u00d5ES DO GERENCIADOR DE CONTE\u00daDOS:<\/span><\/b><\/span><\/p>\n<p><span style=\"font-size: 17px;\">&#8211; Banners <\/span><b><span style=\"font-size: 17px;\">( Slides )<br \/>\n<\/span><\/b><span style=\"font-size: 17px;\">&#8211; <\/span><span style=\"font-size: 17px;\">Cadastro de E-mails<br \/>\n&#8211; Blocos<br \/>\n&#8211; Caracter\u00edsticas<br \/>\n&#8211; Configura\u00e7\u00f5es<br \/>\n&#8211; Formul\u00e1rio de Contatos<br \/>\n&#8211; D\u00favidas<br \/>\n&#8211; Imagens<br \/>\n&#8211; Layout Paginas<br \/>\n&#8211; Layout Rodap\u00e9<br \/>\n&#8211; Layout Topos | <b>2 Modelo de Topos<\/b><br \/>\n&#8211; Parceiros<br \/>\n&#8211; Planos<br \/>\n&#8211; Postagens<br \/>\n&#8211; Redes Sociais<br \/>\n&#8211; Textos<br \/>\n&#8211; Crie Permiss\u00f5es de Usu\u00e1rios<br \/>\n&#8211; Widgets <b>( Campo para inserir )<\/b><\/span><b><\/b><\/p>\n<p>&nbsp;<\/p>\n<table class=\"andes-table\">\n<tbody class=\"andes-table__body\">\n<tr class=\"andes-table__row\">\n<td class=\"andes-table__column andes-table__column--left ui-pdp-specs__table__column\">\n<div class=\"alert alert-info\">\n<h4>ENTREGA:<\/h4>\n<p><span style=\"font-size: 17px;\">*<\/span><span style=\"font-size: 17px;\">O Envio do Script \u00e9 feito de forma autom\u00e1tica, para efetuar a compra voc\u00ea<br \/>\nprecisa se cadastrar em nossa loja, seu produto ser\u00e1 entregue na sua<br \/>\nconta ( \u00c1rea do Cliente ). Para pagamentos via Chave Pix que depende de<br \/>\nenvio manual de comprovante, o envio ser\u00e1 efetuado ap\u00f3s a confirma\u00e7\u00e3o do<br \/>\npagamento.<\/span><br \/>\n<span style=\"font-size: 17px;\"><br \/>\nEnvio em at\u00e9 5 min ap\u00f3s confirma\u00e7\u00e3o do pagamento pelo banco emissor.<br \/>\n<\/span><\/p>\n<\/div>\n<div class=\"alert alert-warning\">\n<h4>REEMBOLSO E PERSONALIZA\u00c7\u00c3O:<\/h4>\n<p><span style=\"font-size: 17px;\">&#8211; Por se Tratar de um produto digital n\u00e3o fazemos a devolu\u00e7\u00e3o do pagamento.<\/span><span style=\"font-size: 17px;\"><br \/>\n&#8211; Este valor n\u00e3o inclui altera\u00e7\u00f5es no Script ou Instala\u00e7\u00e3o.<br \/>\n<\/span><\/p>\n<div style=\"clear: both;\"><\/div>\n<p>&nbsp;<\/p>\n<\/div>\n<p>&nbsp;<\/p>\n<p>&nbsp;<\/p>\n<p>&nbsp;<\/p>\n<p>&nbsp;<\/td>\n<\/tr>\n<tr class=\"andes-table__row\">\n<th class=\"andes-table__header andes-table__header--left ui-pdp-specs__table__column ui-pdp-specs__table__column-title\"><\/th>\n<td class=\"andes-table__column andes-table__column--left ui-pdp-specs__table__column\"><\/td>\n<td class=\"andes-table__column andes-table__column--left ui-pdp-specs__table__column\"><\/td>\n<\/tr>\n<tr class=\"andes-table__row\">\n<th class=\"andes-table__header andes-table__header--left ui-pdp-specs__table__column ui-pdp-specs__table__column-title\"><\/th>\n<td class=\"andes-table__column andes-table__column--left ui-pdp-specs__table__column\"><\/td>\n<td class=\"andes-table__column andes-table__column--left ui-pdp-specs__table__column\"><\/td>\n<\/tr>\n<tr class=\"andes-table__row\">\n<th class=\"andes-table__header andes-table__header--left ui-pdp-specs__table__column ui-pdp-specs__table__column-title\"><\/th>\n<\/tr>\n<\/tbody>\n<\/table>\n","protected":false},"excerpt":{"rendered":"<p>Site para Provedores de Hospedagem 100% responsivo em PHP MySQL com Painel Administrador, f\u00e1cil edi\u00e7\u00e3o pelo painel, feito em PHP 5.6 at\u00e9 7.0\u00a0 MySQL, utilizando os Framework Bootstrap v3.3.7 e Font Awesome 5.7.0 para agiliza maior performance de navega\u00e7\u00e3o. Compat\u00edvel com os principais navegadores Google Chrome, Opera, Firefox (Mozilla), Edge,&hellip;<\/p>\n","protected":false},"featured_media":567,"comment_status":"closed","ping_status":"closed","template":"","meta":[],"product_brand":[],"product_cat":[323,234,206,249,235,20,237,326,327,201,197,24,31,229],"product_tag":[212,250,214,220,251,252,224],"class_list":{"0":"post-532","1":"product","2":"type-product","3":"status-publish","4":"has-post-thumbnail","6":"product_cat-agencia-publicidade","7":"product_cat-destaques","8":"product_cat-institucionais","9":"product_cat-institucional","10":"product_cat-internet","11":"product_cat-php","12":"product_cat-provedores","13":"product_cat-publicidade","14":"product_cat-publicitarios","15":"product_cat-revenda","16":"product_cat-revendas","17":"product_cat-sites-completos","18":"product_cat-templates","19":"product_cat-vitrines","20":"product_tag-carros","21":"product_tag-ferragem","22":"product_tag-hosting","23":"product_tag-seguradora","24":"product_tag-site","25":"product_tag-template","26":"product_tag-vitrines","28":"first","29":"instock","30":"sale","31":"downloadable","32":"virtual","33":"purchasable","34":"product-type-simple"},"_links":{"self":[{"href":"https:\/\/portaldosscripts.com\/index.php\/wp-json\/wp\/v2\/product\/532","targetHints":{"allow":["GET"]}}],"collection":[{"href":"https:\/\/portaldosscripts.com\/index.php\/wp-json\/wp\/v2\/product"}],"about":[{"href":"https:\/\/portaldosscripts.com\/index.php\/wp-json\/wp\/v2\/types\/product"}],"replies":[{"embeddable":true,"href":"https:\/\/portaldosscripts.com\/index.php\/wp-json\/wp\/v2\/comments?post=532"}],"version-history":[{"count":3,"href":"https:\/\/portaldosscripts.com\/index.php\/wp-json\/wp\/v2\/product\/532\/revisions"}],"predecessor-version":[{"id":879,"href":"https:\/\/portaldosscripts.com\/index.php\/wp-json\/wp\/v2\/product\/532\/revisions\/879"}],"wp:featuredmedia":[{"embeddable":true,"href":"https:\/\/portaldosscripts.com\/index.php\/wp-json\/wp\/v2\/media\/567"}],"wp:attachment":[{"href":"https:\/\/portaldosscripts.com\/index.php\/wp-json\/wp\/v2\/media?parent=532"}],"wp:term":[{"taxonomy":"product_brand","embeddable":true,"href":"https:\/\/portaldosscripts.com\/index.php\/wp-json\/wp\/v2\/product_brand?post=532"},{"taxonomy":"product_cat","embeddable":true,"href":"https:\/\/portaldosscripts.com\/index.php\/wp-json\/wp\/v2\/product_cat?post=532"},{"taxonomy":"product_tag","embeddable":true,"href":"https:\/\/portaldosscripts.com\/index.php\/wp-json\/wp\/v2\/product_tag?post=532"}],"curies":[{"name":"wp","href":"https:\/\/api.w.org\/{rel}","templated":true}]}}