{"id":584,"date":"2025-11-26T00:55:33","date_gmt":"2025-11-26T03:55:33","guid":{"rendered":"https:\/\/portaldosscripts.com\/?post_type=product&#038;p=584"},"modified":"2025-12-02T23:56:57","modified_gmt":"2025-12-03T02:56:57","slug":"auto-green-site-loja-de-veiculos-em-php","status":"publish","type":"product","link":"https:\/\/portaldosscripts.com\/index.php\/produto\/auto-green-site-loja-de-veiculos-em-php\/","title":{"rendered":"Auto Green &#8211; Site Loja de Ve\u00edculos em Php"},"content":{"rendered":"<p><span style=\"color: #636363;\"><span style=\"font-weight: bold;\"><span style=\"font-size: 17px;\">Site para Garagens vendas de ve\u00edculos 100% responsivo em PHP MySQL<\/span><\/span><span style=\"font-size: 17px;\">\u00a0com<br \/>\nPainel Administrador, f\u00e1cil edi\u00e7\u00e3o pelo painel, feito em PHP 5.6<br \/>\nMySQL, utilizando os Framework Bootstrap v3.3.7 e Font Awesome 5.7.0<br \/>\npara agiliza maior performance de navega\u00e7\u00e3o.<\/span><br \/>\n<span style=\"font-size: 17px;\">Compat\u00edvel com os principais navegadores Google Chrome, Opera, Firefox (Mozilla), Edge, Outros..<\/span><\/span><\/p>\n<p><span style=\"font-size: 17px;\">Layout Responsivo<\/span><br \/>\n<span style=\"font-size: 17px;\">F\u00e1cil de Usar<\/span><br \/>\n<span style=\"font-size: 17px;\">Totalmente Edit\u00e1vel<\/span><br \/>\n<span style=\"font-size: 17px;\">C\u00f3digo Fonte Aberto. ( O sistema est\u00e1 todo em c\u00f3digo aberto , sendo poss\u00edvel a modificar ou ajustar conforme sua necessidade. )<\/span><\/p>\n<p><span style=\"font-size: 17px;\">ANTES DE EFETUAR A COMPRA ACESSE O DEMO DO SCRIPT.<\/span><br \/>\n<b><\/b><span style=\"color: #636363;\"><br \/>\n<span style=\"font-size: 17px;\">Garantia de Funcionamento somente para hospedagem com:<br \/>\n<\/span><\/span><span style=\"color: #636363;\"><span style=\"font-weight: bold;\"><span style=\"font-size: 17px;\">REQUISITOS PARA INSTALA\u00c7\u00c3O:<\/span><\/span><\/span><\/p>\n<p><span style=\"font-size: 17px;\">\u2013 Servidor Linux com cPanel da (cpanel.com)<\/span><br \/>\n<span style=\"font-size: 17px;\">\u2013 PHP 5.6 <\/span><br \/>\n<span style=\"font-size: 17px;\">\u2013 MySQL<\/span><br \/>\n<span style=\"font-size: 17px;\">\u2013 Apache<\/span><br \/>\n<span style=\"font-size: 17px;\">\u2013 phpMyAdmin<\/span><\/p>\n<p>&nbsp;<\/p>\n<p><span style=\"color: #636363;\"><span style=\"font-weight: bold;\"><span style=\"font-size: 17px;\">FUN\u00c7\u00d5ES DO GERENCIADOR DE CONTE\u00daDOS:<\/span><\/span><\/span><\/p>\n<p><span style=\"font-size: 17px;\">&#8211; Banners\u00a0<\/span><span style=\"font-weight: bold;\"><span style=\"font-size: 17px;\">( Slides )<br \/>\n<\/span><\/span><span style=\"font-size: 17px;\">&#8211;\u00a0<\/span><span style=\"font-size: 17px;\">Blocos<br \/>\n&#8211; Cadastro de E-mail<br \/>\n&#8211; Caracter\u00edsticas<br \/>\n&#8211; Configura\u00e7\u00f5es<br \/>\n&#8211; Garagem<br \/>\n&#8211; Imagens<br \/>\n&#8211; Layout<br \/>\n&#8211; Paginas<br \/>\n&#8211; Redes Sociais<br \/>\n&#8211; Textos<br \/>\n&#8211; Usu\u00e1rios<\/span><\/p>\n<div class=\"alert alert-danger\" style=\"border-color: #ebccd1; border-radius: 4px; color: #a94442; background-color: #f2dede;\">\n<h4 style=\"font-family: Roboto, sans-serif; font-weight: 500;\">IMPORTANTE:<\/h4>\n<p>Este Script \u00e9 apenas uma Vitrine de Produtos, n\u00e3o possui qualquer modulo de pagamento.<\/p>\n<\/div>\n<div class=\"alert alert-info\" style=\"border-color: #bce8f1; border-radius: 4px; color: #31708f; background-color: #d9edf7;\">\n<h4 style=\"font-family: inherit; font-weight: 500;\">ENTREGA:<\/h4>\n<p><span style=\"font-size: 17px;\">*O<br \/>\nEnvio do Script \u00e9 feito de forma autom\u00e1tica, para efetuar a compra voc\u00ea<br \/>\nprecisa se cadastrar em nossa loja, seu produto ser\u00e1 entregue na sua<br \/>\nconta ( \u00c1rea do Cliente )<\/span><\/p>\n<p>Envio em at\u00e9 5 min ap\u00f3s confirma\u00e7\u00e3o do pagamento pelo banco emissor.<\/p>\n<\/div>\n<div class=\"alert alert-warning\" style=\"border-color: #faebcc; border-radius: 4px; color: #8a6d3b; background-color: #fcf8e3;\">\n<h4 style=\"font-family: inherit; font-weight: 500;\">REEMBOLSO E PERSONALIZA\u00c7\u00c3O:<\/h4>\n<p><span style=\"font-size: 17px;\">&#8211; Por se Tratar de um produto digital n\u00e3o fazemos a devolu\u00e7\u00e3o do pagamento.<\/span><span style=\"font-size: 17px;\"><br \/>\n&#8211; Este valor n\u00e3o inclui altera\u00e7\u00f5es no Script ou Instala\u00e7\u00e3o.<br \/>\n<\/span><\/p>\n<\/div>\n","protected":false},"excerpt":{"rendered":"<p>Site para Garagens vendas de ve\u00edculos 100% responsivo em PHP MySQL\u00a0com Painel Administrador, f\u00e1cil edi\u00e7\u00e3o pelo painel, feito em PHP 5.6 MySQL, utilizando os Framework Bootstrap v3.3.7 e Font Awesome 5.7.0 para agiliza maior performance de navega\u00e7\u00e3o. Compat\u00edvel com os principais navegadores Google Chrome, Opera, Firefox (Mozilla), Edge, Outros.. Layout&hellip;<\/p>\n","protected":false},"featured_media":610,"comment_status":"closed","ping_status":"closed","template":"","meta":[],"product_brand":[],"product_cat":[302,234,20,201,258,197,31,229],"product_tag":[212,220,251,252],"class_list":{"0":"post-584","1":"product","2":"type-product","3":"status-publish","4":"has-post-thumbnail","6":"product_cat-catalogo","7":"product_cat-destaques","8":"product_cat-php","9":"product_cat-revenda","10":"product_cat-revenda-veiculos","11":"product_cat-revendas","12":"product_cat-templates","13":"product_cat-vitrines","14":"product_tag-carros","15":"product_tag-seguradora","16":"product_tag-site","17":"product_tag-template","19":"first","20":"instock","21":"sale","22":"downloadable","23":"virtual","24":"purchasable","25":"product-type-simple"},"_links":{"self":[{"href":"https:\/\/portaldosscripts.com\/index.php\/wp-json\/wp\/v2\/product\/584","targetHints":{"allow":["GET"]}}],"collection":[{"href":"https:\/\/portaldosscripts.com\/index.php\/wp-json\/wp\/v2\/product"}],"about":[{"href":"https:\/\/portaldosscripts.com\/index.php\/wp-json\/wp\/v2\/types\/product"}],"replies":[{"embeddable":true,"href":"https:\/\/portaldosscripts.com\/index.php\/wp-json\/wp\/v2\/comments?post=584"}],"version-history":[{"count":3,"href":"https:\/\/portaldosscripts.com\/index.php\/wp-json\/wp\/v2\/product\/584\/revisions"}],"predecessor-version":[{"id":876,"href":"https:\/\/portaldosscripts.com\/index.php\/wp-json\/wp\/v2\/product\/584\/revisions\/876"}],"wp:featuredmedia":[{"embeddable":true,"href":"https:\/\/portaldosscripts.com\/index.php\/wp-json\/wp\/v2\/media\/610"}],"wp:attachment":[{"href":"https:\/\/portaldosscripts.com\/index.php\/wp-json\/wp\/v2\/media?parent=584"}],"wp:term":[{"taxonomy":"product_brand","embeddable":true,"href":"https:\/\/portaldosscripts.com\/index.php\/wp-json\/wp\/v2\/product_brand?post=584"},{"taxonomy":"product_cat","embeddable":true,"href":"https:\/\/portaldosscripts.com\/index.php\/wp-json\/wp\/v2\/product_cat?post=584"},{"taxonomy":"product_tag","embeddable":true,"href":"https:\/\/portaldosscripts.com\/index.php\/wp-json\/wp\/v2\/product_tag?post=584"}],"curies":[{"name":"wp","href":"https:\/\/api.w.org\/{rel}","templated":true}]}}